l(q) = q**2 - 2*q - 1. Let d be l(3). Suppose 0 = -d*z - z - 12. Let u(o) = o**3 + 3*o**2 - 6*o - 6. What is u(z)?
2
Let x(g) be the second derivative of -g**5/20 + g**4/2 - 7*g**3/6 + g**2 - 10*g. Let u = -5 + 10. Determine x(u).
-8
Let z(i) = 9*i - 6. Let y(g) = -10*g + 7. Let m(o) = 6*y(o) + 7*z(o). Suppose 16 = -d - 2*w + 3*w, 4*d + 68 = 5*w. Let r = 14 + d. What is m(r)?
6
Let n(w) = w + 5. Suppose 0 = -0*a + a + 12. Suppose 0*b - 3 = -b - f, 5*f = b - 27. Let g = b + a. Calculate n(g).
0
Let i(l) = 6 - 7*l - l**2 + l + 3*l. Let b(c) = -6*c**2 - 14*c + 30. Let x(r) = -2*b(r) + 11*i(r). Let m be 6/((-12)/(-8)*7)*7. Give x(m).
2
Let o(p) = p**2 - 11. Let k = 21 + -21. Give o(k).
-11
Let f = 42 + -44. Let k(p) = -2*p**3 - 3*p**2 - 2*p - 3. Determine k(f).
5
Let s be (-8)/10*30/12. Let u(n) = 2*n**2 + 2*n + 2. Determine u(s).
6
Suppose -3*w = 3*i - 1 - 2, -9 = 3*w. Let m(n) = -5*n**3 - 4*n**2 - n + 2. Let t(u) = 6*u**3 + 4*u**2 + u - 2. Let j(h) = -7*m(h) - 6*t(h). What is j(i)?
2
Suppose 0*i = 3*i + 15. Let q(f) = -f**3 - 4*f**2 + 4*f - 3. Calculate q(i).
2
Let v(r) = 15*r**2 + 2. Let p(n) = 16*n**2 + 3. Let z(i) = -3*p(i) + 4*v(i). Determine z(1).
11
Let r(a) = -2*a - 3. Let h be r(-3). Let x(s) = -s + h*s - s + 1. Suppose 4*t + 0*t + 5*p = -34, p = t + 4. Give x(t).
-5
Suppose r + 16 = -3*r. Let h(m) = m**2 + m + 1. Let c(k) = k**3 - 3*k**2 - 3*k - 2. Let j(i) = r*h(i) - c(i). What is j(0)?
-2
Let b(c) = 4 + 10*c + 4*c**3 + 54*c**2 - 4*c**3 - c**3 - 51*c**2. Let x be b(5). Let h(n) = n**2 - 5. Determine h(x).
11
Let v(w) = 4*w**2 - 2*w - 1. Let g be v(-1). Let b(a) = -a + 7. Let p be b(g). Let u(y) = 2 - y - p. What is u(1)?
-1
Let i(o) = 1. Let f(t) = 4*t + 8. Let s(j) = f(j) - 10*i(j). Give s(4).
14
Let w(u) = u**2 + 4*u - 2. Let x(q) = q**2 - q + 1. Let c be x(3). Let g be 783/21 - 2/c. Suppose -g = 5*v - 12. Calculate w(v).
3
Let t(s) be the third derivative of -s**4/24 + 11*s**3/6 - 10*s**2. Determine t(8).
3
Suppose 4*l + 24 = -4. Let f = -3 - l. Let s(k) = -k - 1. Let p be s(f). Let c(u) = -u - 12. What is c(p)?
-7
Let i(h) = -h + 1. Let p be i(-4). Suppose 2 = -4*x + c + 1, -p*x = 3*c + 14. Let d(j) = 3*j - j + j. Determine d(x).
-3
Let w(m) = -m**3 - 22*m**2 + m + 30. Let l be w(-22). Let h(p) = p**3 - 9*p**2 + 10*p - 5. What is h(l)?
11
Let k(n) = 3*n**2 + 6*n - 3. Let q(m) = -3*m**2 - 7*m + 4. Let a(w) = -7*k(w) - 6*q(w). Let t(p) be the first derivative of a(p). Determine t(-1).
6
Let y(j) be the second derivative of j**5/60 + j**4/24 - 5*j**3/6 - 3*j**2/2 + 2*j. Let a(l) be the first derivative of y(l). Determine a(-4).
7
Let q(a) = -14*a**2 - 14. Let h(j) = -5*j**2 - 5. Let f(m) = -8*h(m) + 3*q(m). What is f(2)?
-10
Let p(l) = 4*l**2 - 3*l + 0*l - 2*l**3 + 0*l**2. Let f be (-14)/(-3) - (-6)/(-9). Suppose 9 = f*a + 1. Calculate p(a).
-6
Suppose 2 = i - 3. Let h(m) = -m**2 + m - 1. Let j(z) = 3*z**2 + 2*z + 5. Let v(l) = -4*h(l) - j(l). Determine v(i).
-6
Let o(g) = 0 + 2*g**2 - 1 + 0*g**2. Give o(1).
1
Let l be 8 + 1 - (-1)/(-1 - 0). Let n(p) = -p + 11. Give n(l).
3
Let h = 12 + -8. Let m(z) = -2*z**3 + 13*z**2 - 5*z - 6. Let s(r) = 3*r**3 - 20*r**2 + 8*r + 9. Let t(p) = 8*m(p) + 5*s(p). Calculate t(h).
-3
Let p(g) = 13*g**3 + 6*g**2 - g + 1. Let b(t) = -12*t**3 - 5*t**2 + t - 1. Let u(v) = -7*b(v) - 6*p(v). Determine u(1).
5
Let u(o) = o + 7. Let w = -45 + 39. Give u(w).
1
Suppose 0 = -11*v + 8*v - 2*i - 23, 4*v - 5*i = -23. Let t(w) be the first derivative of -w**4/4 - 2*w**3 + 4*w**2 + 9*w - 1. What is t(v)?
2
Let s(i) = i + 1. Let k(y) = y + 5. Let o(p) = -k(p) - 4*s(p). What is o(-6)?
21
Suppose 4*b - 4*c + 22 = b, -21 = 4*b + 3*c. Let j(n) = -5*n**2 + 3*n - 11. Let w(z) = z**2 - z + 3. Let i(r) = 2*j(r) + 9*w(r). What is i(b)?
-13
Let r(s) = s - 1. Let v be r(0). Let q(p) be the first derivative of 2*p**2 - 15. Give q(v).
-4
Let s = 2 - -7. Let d(k) = s*k + 4*k**2 - 4*k - 3*k**2. Let r be 0 - 0 - 2*3. What is d(r)?
6
Let v(g) be the third derivative of -g**6/120 + g**3 + 2*g**2. Let q be -5 + 1 - (9 - 5)*-1. Give v(q).
6
Let l(d) = d + 2. Let p be l(2). Let i = 14 - p. Let r = 8 - i. Let t(y) = -y**2 - y + 2. What is t(r)?
0
Let q(o) be the second derivative of -o**5/20 + o**4/4 + 2*o**3/3 - o**2 + 3*o. Let g(b) = -4*b**2 - b. Let x be g(-1). Let j = 1 - x. Give q(j).
-2
Let v(d) = -d + 8. Suppose 4*b - 4 = -5*f + 30, f - 11 = -5*b. Give v(f).
2
Let x(z) = -z**3 + z**2 - z + 2. Let o be x(0). Let w(r) = -4*r**2 + 3*r**o + 3 - 3*r + 3*r**3 - r**3 - r**3. Give w(2).
1
Let j(c) be the third derivative of c**4/24 - 3*c**3/2 - c**2. Let o(b) = b**2 + 7*b + 4. Suppose 3*v - 35 = -p + 6*p, 4*p = 5*v - 28. Let n be o(p). Give j(n).
-5
Suppose 3*n = 8*n - 10. Let a(d) = d**3 - 3*d**2 - 4*d + 3. Calculate a(n).
-9
Let p(u) = -u**3 + u**2 + 1. Let n(o) = -3*o**3 - 3*o - 1 + 0 + 2*o - 7*o**3. Let x(c) = n(c) + p(c). Give x(1).
-11
Let h be 9/45 + 2/(-10). Let k(v) = -v**2 - v + 7. Give k(h).
7
Let i(r) = -3*r**2 - 4*r - 7. Suppose v + 0*v = 2. Let d(c) = 0*c + 4*c**2 + 7*c + 15 + 4*c**v - c**2. Let z(m) = -2*d(m) - 5*i(m). Determine z(-4).
-3
Suppose 3*b + 4*d + 11 = 0, -4*b + 4*d = 6*d + 18. Let k(c) = -c**3 - 4*c**2 + 7*c + 2. Calculate k(b).
-8
Suppose 2*i = 5*g - g + 28, 5*i = -g - 18. Let r = -6 - g. Suppose 5*v - 5*m - 20 = 0, v + r - 12 = 3*m. Let j(q) = -5*q**3 - 2*q**2 + 2*q - 1. Determine j(v).
-6
Let l(w) = -3 - 4 + 2 - 3*w. Suppose m + 5 = -2*i, 4*i + 4 = -m - 9. Give l(i).
7
Let s(n) = -2*n + 4. Let t be s(3). Let d(w) be the second derivative of -w**4/12 + w**3/6 - w**2/2 - w. Give d(t).
-7
Let f(b) = 3*b**2 + 3*b - 16. Let c(v) = 7*v**2 + 7*v - 33. Let x(t) = -2*c(t) + 5*f(t). Determine x(0).
-14
Let d(z) = z**2 + 14*z + 4. Let u(r) = -r. Let y(v) = -d(v) - 6*u(v). Give y(-6).
8
Let r(a) = -a - 2. Let h(j) = -3*j - 4. Let b(s) = 2*h(s) - 5*r(s). Suppose 2*v = -4*c - 22, c + 3 + 4 = -v. Calculate b(c).
6
Let m(c) = -2*c**2 + 2*c + 18. Let p(f) = -f**2 + f + 9. Let h(x) = -4*m(x) + 9*p(x). Calculate h(0).
9
Let n = 3 - 1. Let w(c) = 3*c**3 - 4*c**2 + 1 + 0*c + c**2 - n*c + 5*c**2. Calculate w(1).
4
Let w(v) = -v**3 + 6*v**2 + 7*v - 3. Suppose 2*f - 3*n - 17 = 0, 3*f - 2 - 20 = n. Determine w(f).
-3
Let w(z) = -10*z - 8. Let m(v) = v + 1. Let f(q) = -8*m(q) - w(q). Give f(3).
6
Let j(r) = -r**3 + 9. Let d be (-3)/(9/12) + 2. Let o = 5 + d. Suppose o*h = 2*h. Give j(h).
9
Let r(a) = -2*a - 4. Let b(t) = t - 11. Let c be b(5). Determine r(c).
8
Let m(s) = -2*s + 8. Let u be (4/(-3))/(8/60). Let y be 2/u + 93/15. Determine m(y).
-4
Let l(i) be the second derivative of i**5/20 - 7*i**4/12 - i**3/3 + 7*i**2/2 - 10*i. Determine l(7).
-7
Let t(w) = w - 4. Let v(i) = -3*i + 24. Let k be v(8). Give t(k).
-4
Let r(w) = w**3 + w - 1. Let g(h) = h + 18. Let u be g(-17). Let y be 5 + -3 + u + -3. Give r(y).
-1
Let o = 1 - -2. Suppose -n - 8 = o*n. Let q(t) = t**2 + 2*t. Determine q(n).
0
Let a = 9 + -6. Suppose 0 = -0*h - 3*h + t - a, -3*h - 3 = 4*t. Let d(j) be the first derivative of -j**3/3 + j**2/2 + j - 3. Determine d(h).
-1
Suppose -13 = 5*x + 7. Suppose 0 = -4*u + 3*g + 3, g + 8 = 2*u - 3*u. Let n = u - x. Let q(o) = -4*o**2 + o. What is q(n)?
-3
Let o(h) = h + 2. Let i = 2 + 2. Let z be (-12)/(16/i) - 2. Calculate o(z).
-3
Suppose 0 = -2*r, 0 = -2*f + 3*f - 5*r + 10. Let j(s) = -s**2 + 4*s - 2. Let d be j(4). Let k be 4/5*f/d. Let t(x) = x + 4. What is t(k)?
8
Let r(q) = -q**3 - 4*q**2 - 2*q + 3. Let b be r(-4). Suppose 3 = 4*k + b. Let f be 1/(2 + k + 1). Let a(h) = 4*h. What is a(f)?
4
Let g(d) = -5*d + 5. Let f(i) = 10 + 2*i - 8*i - 3*i - 2*i. Let t(w) = 6*f(w) - 13*g(w). Give t(-6).
1
Let r be (1/(-3))/((-1)/3). Let t(c) be the second derivative of c**4/6 + c**3/6 + 4*c. Determine t(r).
3
Suppose 8 = -p + 2*v, 0 = 5*p + v - 4*v + 19. Let o be (p/4 + 1)*-4. Let y(w) = -w**3 - 2*w**2 + w - 1. What is y(o)?
-3
Let u(d) = -d**2 - 5*d + 5. Let j be u(-5). Suppose -3*l + 2*a = -5, -a = -j*l - 6*a + 25. Suppose n + 0 = -l. Let c(p) = -p - 1. Determine c(n).
2
Suppose 0 = -y + 6*y. Let g(t) = t**2 + t + 2. Let j be g(y). Let f(n) = -n + 3 + n - 4*n. Determine f(j).
-5
Let o(g) = 4*g**2 - 2 + 3 - 3*g + 2*g + 0*g**2 + g**3. Give o(-2).
11
Let n(d) = d**3 + 5*d**2 + 3*d - 3. Let s = 4 - 2. Suppose 0 = -s*g - 3*y + 9, -g - 6 = -